1 a prime number?
True
Is 57792592717 prime?
True
Is 2506885573 a prime number?
False
Is 38078518094 composite?
True
Is 1750852769 composite?
False
Is 1171533689 prime?
True
Is 247780363 prime?
True
Is 35203397 composite?
False
Is 2104981181 a composite number?
False
Is 8919935807 a prime number?
True
Is 7250451067 prime?
False
Is 1266966619 a prime number?
True
Is 34545550951 prime?
True
Is 5465659583 composite?
False
Is 5892356063 composite?
True
Is 314852233 prime?
False
Is 1930803929 a prime number?
False
Is 2931526309 a prime number?
True
Is 63765246653 a composite number?
True
Is 98104009 composite?
False
Is 2759642831 composite?
True
Is 11716088597 prime?
True
Is 345640187 a prime number?
False
Is 11870252467 a prime number?
True
Is 83143405885 a prime number?
False
Is 216540319 a prime number?
True
Is 26342690089 a composite number?
True
Is 24204785821 prime?
False
Is 651582917 composite?
False
Is 15381573023 a prime number?
False
Is 2043006389 composite?
False
Is 1404865313 a prime number?
False
Is 13799422621 a composite number?
True
Is 335867573 a prime number?
True
Is 110083790409 composite?
True
Is 5437528013 a prime number?
False
Is 13738597601 a prime number?
False
Is 20631659647 a prime number?
True
Is 29700966257 prime?
False
Is 1575125693 a prime number?
True
Is 3885020297 composite?
True
Is 3045059657 composite?
True
Is 22462862 composite?
True
Is 359610829 a composite number?
True
Is 42663689 composite?
True
Is 5894512934 prime?
False
Is 50539185449 a composite number?
False
Is 992689617 a prime number?
False
Is 1192420837 a composite number?
False
Is 85418046193 composite?
False
Is 1322120297 composite?
True
Is 4059522353 composite?
False
Is 849298027 composite?
True
Is 42483641647 prime?
False
Is 5873065673 a composite number?
True
Is 6751750729 prime?
True
Is 14083655753 a composite number?
False
Is 20343273823 prime?
True
Is 31083618831 prime?
False
Is 840219682 a composite number?
True
Is 16475964815 a prime number?
False
Is 186166181 a composite number?
True
Is 767996927 prime?
False
Is 28384243961 a composite number?
True
Is 902909563 a prime number?
True
Is 12262161449 a composite number?
False
Is 2386060939 prime?
False
Is 36169243 a prime number?
False
Is 17084998831 a composite number?
True
Is 436145747 prime?
True
Is 10957195433 a composite number?
False
Is 386699219 a prime number?
True
Is 526936741 a prime number?
False
Is 16121157869 composite?
True
Is 598528459 composite?
True
Is 75666737 prime?
True
Is 2609824871 prime?
True
Is 35264528461 a composite number?
False
Is 44423321 composite?
True
Is 1495480205 prime?
False
Is 3057521507 a prime number?
False
Is 3057766801 a prime number?
True
Is 2161393181 a prime number?
True
Is 638976853 prime?
True
Is 32088380479 a composite number?
False
Is 140986163 a prime number?
True
Is 34386406187 composite?
True
Is 6172201797 prime?
False
Is 1746179257 prime?
True
Is 31027583641 composite?
False
Is 682055083 composite?
False
Is 10302427699 a composite number?
True
Is 1456044433 a composite number?
True
Is 103493190621 composite?
True
Is 131209367 prime?
True
Is 1090663991 prime?
False
Is 37900219 prime?
False
Is 5117550229 a composite number?
True
Is 5000352263 a composite number?
True
Is 10758580199 prime?
False
Is 2687870089 composite?
False
Is 7428637267 a composite number?
True
Is 995954467 prime?
False
Is 65882387 a prime number?
True
Is 126856046467 a prime number?
True
Is 4107236501 prime?
False
Is 37716159163 composite?
True
Is 528142627 a composite number?
True
Is 358870283 a prime number?
False
Is 21051062129 a prime number?
False
Is 5424213453 a prime number?
False
Is 11348101069 prime?
False
Is 4108306963 a composite number?
False
Is 21088628719 a prime number?
False
Is 5566676123 composite?
False
Is 24190908431 a prime number?
False
Is 206867149 a prime number?
False
Is 184673707 composite?
False
Is 20360462653 a composite number?
True
Is 5827479137 a prime number?
False
Is 39535003 composite?
True
Is 70074844817 a composite number?
False
Is 1198893327 prime?
False
Is 2014974001 composite?
False
Is 123316379429 a composite number?
False
Is 64030481 a composite number?
True
Is 5238625141 a composite number?
False
Is 148870081 a composite number?
False
Is 4367971523 prime?
False
Is 881281327 composite?
False
Is 3149904269 prime?
True
Is 685461509 a composite number?
False
Is 2218834651 a prime number?
False
Is 4188590617 a composite number?
False
Is 5731349929 a prime number?
False
Is 305657969 prime?
True
Is 26717315323 composite?
False
Is 1722631549 composite?
False
Is 585977473 a prime number?
False
Is 133558489 a prime number?
True
Is 549026743 composite?
True
Is 62663321869 composite?
True
Is 9477699403 prime?
True
Is 43976125399 a composite number?
False
Is 2898696637 composite?
True
Is 15967635749 composite?
True
Is 531097313 a prime number?
False
Is 38501315051 a composite number?
True
Is 816412829 a prime number?
False
Is 3183558089 prime?
True
Is 1485268849 prime?
True
Is 240729225137 a composite number?
False
Is 23771690023 composite?
False
Is 236333621 prime?
True
Is 15977165137 a composite number?
True
Is 3183997853 a composite number?
False
Is 11347233127 a composite number?
False
Is 13968276067 a prime number?
False
Is 4086881677 a composite number?
False
Is 1135991677 composite?
False
Is 1698673343 a composite number?
False
Is 304284229 prime?
False
Is 3434099533 prime?
True
Is 337160819 a prime number?
True
Is 3979971377 a prime number?
False
Is 1552242889 a composite number?
False
Is 31559133271 a composite number?
True
Is 57737443739 a composite number?
True
Is 14867306221 a composite number?
False
Is 1460145053 prime?
True
Is 8013323 a composite number?
False
Is 37655875039 composite?
True
Is 18312977 prime?
True
Is 10549491567 composite?
True
Is 3582906695 a composite number?
True
Is 9106064953 a composite number?
False
Is 19182547 prime?
False
Is 3859931459 composite?
False
Is 1821820733 prime?
False
Is 781237315 a composite number?
True
Is 94808753189 a composite number?
True
Is 767426999 a composite number?
False
Is 595615577 a prime number?
True
Is 2604019849 composite?
False
Is 6731137003 a prime number?
True
Is 4860759667 a composite number?
False
Is 413136077 a composite number?
True
Is 2953743473 a prime number?
False
Is 516814303 a composite number?
True
Is 155016599 composite?
False
Is 23558701631 a composite number?
True
Is 14533124629 a prime number?
True
Is 72394118 a prime number?
False
Is 39202240997 a prime number?
False
Is 9078088511 a prime number?
True
Is 269814527 composite?
True
Is 11570296147 a prime number?
True
Is 22867529767 prime?
True
Is 2864264279 composite?
False
Is 28845503359 composite?
True
Is 2954052523 composite?
False
Is 1701708623 a composite number?
False
Is 12321363077 composite?
False
Is 4035210889 prime?
False
Is 832975261 composite?
False
Is 113652001 a prime number?
False
Is 114953087 a prime number?
True
Is 12717811471 a prime number?
False
Is 553596107 a prime number?
False
Is 178376777 a prime number?
True
Is 22259049359 prime?
False
Is 20902622919 a composite number?
True
Is 1099060399 composite?
True
Is 2173041791 composite?
False
Is 4274705309 composite?
True
Is 13690437077 prime?
True
Is 3774964867 composite?
False
Is 70768561343 prime?
True
Is 3674471243 prime?
False
Is 135083890367 a composite number?
False
Is 17911650167 a composite number?
True
Is 10700766991 a composite number?
False
Is 1575648143 composite?
True
Is 104295407 prime?
False
Is 4018610269 a prime number?
True
Is 124548517241 a composite number?
False
Is 13105385113 a composite number?
True
Is 665735957 a composite number?
False
Is 18001538683 a composite number?
False
Is 5978862437 a prime number?
False
Is 23402499763 a prime number?
False
Is 3517522753 a prime number?
True
Is 38120091283 prime?
False
Is 155189641 prime?
False
Is 17966602047 a composite number?
True
Is 260290769 composite?
False
Is 32865486331 prime?
False
Is 10379774459 composite?
False
Is 28533555679 prime?
True
Is 1237988203 a prime number?
False
Is 10808671981 a prime number?
True
Is 17908898237 a prime number?
False
Is 4114645693 prime?
False
Is 17404453333 a composite number?
False
Is 675588503 composite?
False
Is 27557572573 a composite numb